1)?
-3
Suppose -15*g = -10*g - 340. Let w = 70 - g. Let f(v) = 0*v**2 - 7*v - 2*v**w + v**2 + 0*v - 6. Give f(-7).
-6
Let v(y) = -y**3 + 2*y**2 + 2*y + 3. Let j(x) = 9*x**3 + 65*x**2 + 21*x + 26. Let t(c) = -j(c) - 11*v(c). Determine t(44).
-15
Let n(a) be the second derivative of a**3/6 - a**2 - 65*a. Let o be (-6)/(-10) - (-35)/25. Suppose o = -4*m + 3*m. What is n(m)?
-4
Let p(n) = -16 + 47*n**2 - 7*n**2 + n**3 + 9*n - 46*n**2. Calculate p(4).
-12
Let w(n) = 2*n + 6. Let v be w(-4). Let b(r) = -17*r - 12. Let m(c) = 76*c + 55. Let p(y) = 9*b(y) + 2*m(y). Give p(v).
4
Let w(f) be the second derivative of -f**4/6 + 8*f**3/3 + 5*f**2/2 - 783*f. Give w(8).
5
Let g = 4 + -2. Let z(u) = 0*u + 0*u - 8 - g*u. Let y(w) = -w**3 - 160*w**2 - 635*w - 1723. Let k be y(-156). What is z(k)?
6
Let a(q) = 4*q + 64. Let g = -3225 - -3212. Give a(g).
12
Let o(l) = 23*l**3 - 2*l**2 + 93952*l - 46974*l - 1 - 46975*l. Determine o(1).
23
Let x(g) = 7*g + 78 + 71 - g**2 + 74 + 74 - 296. Let i = 28 + -17. Let t = i - 4. What is x(t)?
1
Let c be 12/48*16556/1. Suppose 9*f - 3115 = c. Let v(x) = f - 808 + x**2 + x + x. Give v(-3).
1
Let p = -19 + 27. Let z(k) be the first derivative of k**3/3 - 3*k**2 - 2838. Calculate z(p).
16
Let n(m) = -3*m - 101176407 - 3*m**2 + 101176404 + 4*m**2. Let h be 50/18 + (-4)/(-18). What is n(h)?
-3
Let v(z) = -2*z**2 - 49*z - 18. Let a be v(-24). Let t(l) = a*l - 6 + 5*l - l**2 - 33*l + 11*l. What is t(-10)?
4
Let j(z) = z**3 + z + 28. Let r(b) = b - 5*b**2 + 12*b - 3 + 0*b**2. Let h be r(-3). Let t = -87 - h. Determine j(t).
28
Let i(j) be the third derivative of -j**4/8 + 37*j**3/6 + 191*j**2 - 8*j. Calculate i(15).
-8
Let j(m) be the third derivative of -m**5/60 - m**4 - 5*m**3/3 - 12863*m**2. What is j(0)?
-10
Let g(z) = -7*z + 111. Let y be g(15). Let q(v) = 15*v - 83. Let j be q(y). Let d(a) = 2*a + 9. What is d(j)?
23
Let q(i) = -7*i + 96. Suppose r - 3*v + 3 = 0, 5*r + 11*v - 16*v = 45. Calculate q(r).
-9
Let y(c) = c**3 - c**2 - 4. Let j(q) = 39*q**2 + 15*q + 81. Let u be j(-5). Let r = u - 981. Give y(r).
-4
Let k(a) = -a**2 - 7*a + 83. Let s be k(-13). Let y(t) be the third derivative of t**6/120 - t**5/15 - 5*t**4/24 - 2*t**3/3 - 4*t**2. Calculate y(s).
-4
Let t(m) = m**3 - 6*m**2 - 7*m + 8. Let v be 1 + -1 + (1 - -49). Let r(l) = -5*l**3 - 2*l + 1. Let o be r(2). Let q = v + o. What is t(q)?
8
Let y(q) = q**3 + 9*q**2 - 24*q - 9. Let z be (((-11)/2)/1)/((-24)/1200*-25). Determine y(z).
13
Let m(i) = i + 2. Let g be 0/(-1 - (-3 + 4)). Suppose 0*x - 2*x = 2*y - 4, -2*y - 10 = g. Suppose -2*h - 3 + x = 0. Determine m(h).
4
Let f be 1 - 4/(-3) - ((-5060)/138 + 37). Let n(o) be the first derivative of -2*o + 1/2*o**4 - 3/2*o**f - 16 + 1/3*o**3. Give n(-2).
-8
Let t(d) = -2*d**3 - d**2 - 5. Let q be 4/(-3) + (-9584)/12. Let k be 3 - (q/(-288) + (-4)/(-18)). Give t(k).
-5
Let h(p) = p**3 + 8*p**2 - 8*p + 16. Let k(l) = -l - 37. Suppose -28 = 3003*y - 3002*y. Let x be k(y). Calculate h(x).
7
Let m(i) = -i**3 - i**2 + 3*i + 8. Let j(a) = a**2 - a - 1. Let d(g) = 5*j(g) + m(g). Let o(f) = 66 - 3*f - 2*f + 5*f + 3*f. Let b be o(-21). Calculate d(b).
6
Let h = -145 - -147. Let i(v) = 82*v**2 - 3*v - 6 + 2*v - 83*v**h + 3*v. Let y = 10 + -6. Give i(y).
-14
Let w(t) = -11*t - 1. Let z(h) = -1 - 41*h - 23*h + 32*h + 0. Let u(i) = 7*w(i) - 2*z(i). Determine u(-2).
21
Let c be 4*(8 + 2*(-168)/64). Let k(o) = o**3 - 12*o**2 + 10*o + 4. Give k(c).
-7
Suppose 13 = 4*b - 39. Let d = -9561 + 9577. Let g(i) = -b - 8*i + d + 4*i. Calculate g(4).
-13
Let b(k) be the second derivative of 17*k**3/6 + k**2/2 + 2159*k. Give b(3).
52
Let p be 26/22 + -1 + 477/99. Let j = p - 4. Let z be -12*j*2/(-4). Let c(h) = h**3 - 7*h**2 + 5*h - 5. Determine c(z).
-11
Let i(k) be the second derivative of -k**4/12 - 4*k**3/3 - 7*k**2 - k. Suppose -105872*w - 26 = -105870*w - 5*s, -2*s = -4*w - 36. Calculate i(w).
-14
Let g(o) = 55*o + 6. Suppose 20 = n - 3*b, -5*n = -3*b + 681 - 709. Calculate g(n).
116
Let k(u) = -u**3 - 3*u**2 + 2*u - 7. Suppose -4*t = 3*l - 95, 2 = 2*l - 8. Let q(b) = -7*b + 136. Let d be q(t). Give k(d).
1
Let g(n) = -4*n + 71. Let w(q) = 11*q - 214. Let d(p) = -7*g(p) - 2*w(p). Let k be d(17). Suppose k*v = 27*v + 54. Let z(b) = b - 2. Calculate z(v).
7
Let y(l) = -l**3 + 5*l**2 + 2*l - 9. Suppose 4*j - 22 = b, 91*j + b + 10 = 92*j. Calculate y(j).
15
Let p(s) be the first derivative of 7*s**2/2 - 76*s + 4806. Calculate p(13).
15
Let o(j) = j**3 + j**2 - j - 1. Suppose -h - n + 61 = h, 5*h + 2*n = 153. Suppose -18*p + 5 = -h. Give o(p).
9
Let c = 10148 + -10133. Let h(o) = o**3 - 15*o**2 - o - 3. What is h(c)?
-18
Suppose -4*m + 2 = -2. Let f(w) = -17*w**2 + 2*w + 2. Let b(o) be the third derivative of o**5/30 - o**3/6 - o**2 + 69. Let h(r) = -3*b(r) - f(r). What is h(m)?
10
Let o = -20 - -24. Suppose 3*a = o*a - 9. Let f(p) = -4 - 9*p + 4*p**2 + 3 - 3*p**2. Give f(a).
-1
Let c(p) be the first derivative of -3*p**2/2 - 28*p - 1672. Determine c(-7).
-7
Let g(w) = -w**2 + 13*w - 38. Let x be g(8). Let p be 9/(((-45)/(-6))/5). Let q(l) = 0*l**2 + p*l**2 + 2*l**x. What is q(-1)?
8
Let p(a) = -67*a - 14 + 282*a - 216*a. What is p(0)?
-14
Let w(v) = -196*v + 5*v**2 - 191*v + 1 + 371*v. Let t(m) = 4*m**2 - 15*m. Let i(a) = -6*t(a) + 5*w(a). Let n = 6 - 15. Determine i(n).
-4
Let j(f) = -f**3 + 7*f**2 + f - 5. Let d(u) = -8*u - 105. Let y be d(-14). Calculate j(y).
2
Let h(o) be the third derivative of o**4/8 + 17*o**3/2 - 1543*o**2. Give h(-15).
6
Let h(j) be the second derivative of -j**5/20 - j**4/2 + 5*j**3/2 - 3*j**2 - 21*j. Let x be h(-8). Let d(o) = 2 - o - x + 4 - 1. What is d(-3)?
6
Let y(w) be the third derivative of -w**5/60 + w**3/6 + w**2. Let j(l) = -l**3 + 10*l**2 + 116*l + 52. Let z be j(17). Calculate y(z).
0
Let k(s) = -s + 1. Let h(p) = 10*p**2 - 4 - 4*p + 11*p**2 - 26*p**2 + 2*p**2 - 2*p**3. Let n be h(-2). Give k(n).
-7
Let s(l) be the second derivative of l**5/10 - 3*l**4/4 - l**3/3 - 5*l**2 - 8*l + 2. Let w be s(5). Let d(q) = -2*q + 15. Give d(w).
5
Let x(q) = -27*q**2 - 6*q + 5. Let o be (-27)/12*(-24)/27. What is x(o)?
-115
Let x be 4 - ((-14)/(-168) - 35/(-12)). Let y(k) = 16*k - 2 + x - 10*k + 2*k + 2. Give y(-5).
-39
Suppose 8*y - 95 = 3*y - 4*t, 2*y - 50 = -4*t. Let p = -11 + y. Suppose -2*g + p*r = 1 + 1, -4*g + 2*r + 14 = 0. Let n(d) = -d**2 + 2*d + 7. Give n(g).
-8
Let m(x) = -7 + 1 + 2*x**3 - x**3 - 8*x**2 + 11*x. Let w = -874 - -451. Let z = -416 - w. What is m(z)?
22
Let z(v) = -v**2 - 6*v - 7. Let j be 35/((-420)/(-72)) + 0. Determine z(j).
-79
Suppose 2*q + o = 1, -5*o + 12 + 3 = 5*q. Let v(k) = -9*k - 18. Give v(q).
0
Let o(h) = -4*h**3 - 9*h**2 - 15*h - 10. Let t(a) = 5*a**3 + 10*a**2 + 19*a + 12. Let y(i) = 6*o(i) + 5*t(i). Calculate y(3).
6
Let d(l) be the third derivative of l**6/120 - 7*l**5/60 + 5*l**4/24 - l**3 + 132*l**2. Let p be 12/(-4*1/(-2)). What is d(p)?
-12
Let k(m) = -m**2 - 5*m + 8. Suppose -94*v = -380 + 4. Calculate k(v).
-28
Let r(g) = 5. Let j(t) = -5*t - 21. Let b be j(-4). Let q(h) = h - 1. Let k(z) = b*r(z) + 2*q(z). Calculate k(5).
3
Let t(y) = -2*y**2 + 28*y - 12. Let f(r) = 2*r**2 - 31*r + 12. Let a(x) = -3*f(x) - 4*t(x). Determine a(8).
-12
Let y(g) be the third derivative of -g**6/120 - g**5/5 + 29*g**4/24 + 3*g**3 - 2359*g**2. What is y(-14)?
4
Let n(o) = 2*o**2 + o - 13. Let v be -4 - ((-2)/(-6) - 247/57). Give n(v).
-13
Let t(a) be the second derivative of a**3/6 - 2*a**2 - a. Let m be (-108)/21*252/(-54). Suppose 61*p - 65*p = -m. Calculate t(p).
2
Let s(t) = -22 - 8 + 54*t - 4*t**3 - 1 - 15*t**2 + 22 + 5*t**3. Give s(9).
-9
Let k(t) = 7*t**2 - 935*t + 524. Let f be k(133). Let j(y) = -y**3 - 6*y**2 + 9*y - 9. Calculate j(f).
47
Let c(q) = 3*q**2 - 33*q + 16. Let j be c(11). Suppose 13 - j = 3*l. Let r(v) be the second derivative of -v**3/6 + v**2/2 + 2*v. Calculate r(l).
2
Let u(f) = 99 - 39*f - 5 + 18*f + 63. Determine u(8).
-11
Let p(y) = -19*y**3 - 11*y**2 - y - 6. Let t(h) = -41*h**3 - 23*h**2 - 2*h - 14. Let f(r) = -13*p(r) + 6*t(r). Let s = -91 + 86. Calculate f(s).
-11
Let n(a) = -a**2 + a. Let b(k) be the third derivative of k**4/24 - k**3/6 + 17*k**2. Let h be b(3). Let v be h + (-5)/(-10)*-8. Calculate n(v).
-6
Let o(w) = w**3 - 12*w**2 + 35*w + 6. Suppose 794 = -4